e -12*o - 80 = -16*o. What is the units digit of o?
0
Let a(w) = w**2 + 4*w - 8. Let o be a(-6). Suppose -g - 4*g = -5*r - 115, -o*r + 90 = 3*g. Suppose -4*i - g = -6*i. What is the units digit of i?
3
Let q = 94 + -50. What is the units digit of q?
4
Let b = -278 + 100. What is the units digit of 7/35 + b/(-10)?
8
Suppose -v + 2*w + 2*w - 13 = 0, -52 = 4*v + 5*w. Suppose -3*f + n = 51, -2*f - 39 = -5*n + 6*n. Let t = v - f. What is the units digit of t?
5
Let q be (-16)/(-6)*(-9)/6. Let z(n) = n**3 + 4*n**2 - n - 1. What is the units digit of z(q)?
3
Suppose -4*m + 16 + 32 = 0. Let x(a) = 4*a - 17. What is the tens digit of x(m)?
3
Suppose 3 + 22 = 5*h. Suppose -f + h*r + 6 = 2*r, -44 = -2*f - 2*r. What is the tens digit of f?
1
Let j be (-7)/(-4) - (-1)/4. Suppose -j = m + 3. What is the units digit of 9 - m/((-15)/6)?
7
Let w be (-38)/(-9) - 2/9. Let t be w*(-4)/(1 - 3). What is the units digit of (9/(-6))/((-6)/t)?
2
Suppose 14*y - 314 - 1576 = 0. What is the hundreds digit of y?
1
Suppose 17*y + 708 = 21*y. What is the units digit of y?
7
Let j = -27 + 57. Suppose 0 = -3*g + p + 38 + 44, g - p = j. What is the tens digit of g?
2
Let a = 12 + -21. Let y(w) = 3 + w - 6*w + w + 3*w. What is the tens digit of y(a)?
1
Let c(j) = -j**2 + 7*j + 4. Let p be c(6). Let i = -2 + -2. Let f = i + p. What is the units digit of f?
6
Suppose -744 - 480 = -6*j. What is the tens digit of j?
0
Suppose -d = 6*d - 322. What is the units digit of d?
6
Let d(r) = r + 9. Let t be d(-9). Suppose 2*p + t*p - 64 = 0. What is the tens digit of p?
3
Let f = 72 - 42. What is the tens digit of f?
3
Let h(o) = -2*o + 8. Let n be h(6). Let z be 4*2/(12/15). Let b = z - n. What is the units digit of b?
4
Let t be (-5)/(-5) + (-31)/(-1). Suppose -x = 3, 0 = p + 3*p - 4*x - t. Suppose 2*j + 17 = p*j - 2*r, -20 = -4*j + 4*r. What is the units digit of j?
7
Let h(f) = 5*f + 1. Let b be h(1). Let g = 2 - b. What is the units digit of g/16 - 41/(-4)?
0
Let r(i) = i**3 - 2*i**2 - 2*i - 3. Let c be r(3). Let y be ((-1)/2)/(2/28). What is the units digit of (3 - c) + -2 - y?
8
Suppose 0 = -n - 0*n + 31. What is the units digit of n?
1
Suppose 31 = 3*j - 5*m, -4*j + 0*m = 3*m - 22. Let g = 4 + -1. Suppose f = g*a + j, a - 5 = -f - 2. What is the units digit of f?
4
Suppose -3*o = -4*m + 53, 3*m - 7*o + 3*o - 38 = 0. What is the tens digit of m?
1
Let k be 18*-4*(-2)/(-12). What is the tens digit of (-237)/k - 1/(-4)?
2
Let u = -90 - -174. What is the units digit of u?
4
Let g(i) = i**2 - 7*i - 12. What is the units digit of g(-5)?
8
Suppose -3*l + 4*u = 1, -5*l + 3*u + 9 - 29 = 0. Let v(b) be the first derivative of b**2/2 + 16*b + 4. What is the units digit of v(l)?
9
What is the tens digit of (-148)/(-10) - (-12)/(-15)?
1
Suppose 3*a - 34 = -c - 6, 2*a = 10. What is the units digit of c?
3
Let v be 1*-1 + 70/2. Suppose 2*f - 3 - 29 = -2*k, 2*f - v = -3*k. Let n = -7 + f. What is the units digit of n?
7
Let p(d) = d - 3. Let l be p(6). Let v(o) = -o**3 - 2*o + 4*o - o + 3*o**2 - 1. What is the units digit of v(l)?
2
Suppose -3*g + 7*g = 24. Suppose 5*m - 4*t = -g*t + 10, -2*m - 4*t + 4 = 0. What is the units digit of m?
2
Suppose 2*g = 663 - 191. What is the units digit of g?
6
Suppose -15 = -3*m - 0*m. Suppose 0 = -3*h - 3*d + 2*d + 1, -4*d - 22 = -h. Let y = m - h. What is the units digit of y?
3
Let g be 106/4 + 4/8. Suppose 5*p - 115 = 5*s, p + s = 3*s + g. What is the units digit of p?
9
Let z(q) = 4*q - 1. Let d(c) = -12*c + 3. Let b(y) = 3*d(y) + 8*z(y). Suppose -1 = -5*j - 11. What is the units digit of b(j)?
9
Let g(n) = n**2 + 2*n - 4. Suppose a = -4*c + 6*a, 0 = -2*c - 2*a - 18. Let z be g(c). Suppose -2*p - z = -3*p. What is the tens digit of p?
1
Let j(f) = -27*f - 1. What is the tens digit of j(-3)?
8
Let u(f) = 2*f**2 - 13*f + 3. Let w be u(7). Suppose 5*q + 3*b - 59 = 0, 8*b = 3*b - w. What is the tens digit of q?
1
What is the units digit of (52/(-6))/(14/(-63))?
9
Let q(s) = s**3 - s**2 + 2*s - 9. What is the hundreds digit of q(6)?
1
Let v = -74 - -87. What is the tens digit of v?
1
Suppose 19 = 3*u + 5*b, 0*u - 5*b + 35 = -5*u. Let z be 12 + u*3/2. What is the units digit of 3 - -1*(z + -3)?
9
Let d(y) = y + 4. Let q be d(8). Let f(l) = -q*l**2 - 2*l**3 + 0*l**3 + 1 + 3*l**3 - 2*l - 10*l. What is the tens digit of f(13)?
1
Let b(p) be the second derivative of -p**5/20 - 5*p**4/12 + 5*p**3/3 + 2*p**2 - 7*p. What is the tens digit of b(-7)?
3
Suppose 4*g = 105 + 31. What is the tens digit of g?
3
Suppose -2*f = -f. Let a be (-12)/30*(f + -10). Suppose -t = -3*w + 10 + 6, 4*w = a*t + 16. What is the units digit of w?
6
Let h(n) = -n - 13. Let k be h(-10). Let p(u) = -9*u + 2. What is the units digit of p(k)?
9
Let m = 17 - 13. Suppose m*g - 16 = 16. What is the units digit of g?
8
Suppose 2*p + 5*m + 84 = 227, 265 = 4*p + 3*m. What is the units digit of p?
4
Let p(l) = l**2 - 2*l + 5. What is the units digit of p(-4)?
9
Suppose 0 = -2*l + 4*l - 4, 0 = -5*w + 5*l + 15. Suppose 2*y + w*c - 60 = 2*c, -c - 20 = -y. What is the tens digit of y?
2
Let q(w) = 24*w + 1. Let p be q(-1). Let g = p + 40. What is the tens digit of g?
1
Let i(p) = -9*p - 13. What is the units digit of i(-10)?
7
Suppose 19 = 3*s + 5*a, 0 = 4*s - 7*s + 5*a + 29. Suppose -4*y + 68 = s. What is the units digit of y?
5
What is the units digit of (14 + 10)/(3/4)?
2
Let l(s) = 8*s + 3. Let z(a) = 2*a + 4. Let g(k) = 3*k + 5. Let y(h) = 5*g(h) - 6*z(h). Let o(v) = -4*l(v) + 11*y(v). What is the units digit of o(7)?
6
Let c be (3 - 3 - -1) + 19. Let p = c - 0. What is the units digit of p?
0
Let u = -9 + 14. Suppose -u*l + 7 = g, 3*l + 0*l - 101 = -5*g. What is the tens digit of g?
2
Suppose -5*h - 5*m + 3 = -2, -5*h + 50 = -4*m. What is the units digit of (h/(-7))/(1/(-7))?
6
Let y(p) = -2*p**2. Let c be y(0). Suppose c*q + q - 8 = 0. What is the units digit of q?
8
Suppose -5*a + 34 = -66. Let l(w) = 11*w**2 + w - 1. Let y be l(1). Let z = a - y. What is the units digit of z?
9
Let c(a) be the first derivative of -a**6/360 - a**5/20 + a**4/8 - 2*a**3/3 + 1. Let y(s) be the third derivative of c(s). What is the units digit of y(-5)?
8
What is the units digit of (99/(-36) + (-4)/(-1))*160?
0
Let i(g) = g**3 + 9*g**2 - 3*g - 10. Let s be i(-9). Let j = -12 + s. Let m = -2 + j. What is the units digit of m?
3
Suppose 5*k = 2*k + 129. What is the units digit of k?
3
Let z(o) be the third derivative of -o**6/120 - 2*o**5/15 - 7*o**4/24 + 5*o**3/3 + 2*o**2. What is the tens digit of z(-7)?
1
Suppose 3*q + 3 = 3*a, -2*a + 0 = -5*q + 4. Let s(r) = -r**3 + 4*r**2. Let u be s(q). What is the units digit of (-198)/(-24) - 2/u?
8
Let s be 4 + (-3 - 2)*5. What is the tens digit of -4 + (-16)/12*s?
2
Suppose -103 + 308 = 5*j. What is the units digit of j?
1
Let t = -24 - -31. What is the units digit of t?
7
Suppose -2*b + 5*b = 0. What is the units digit of 9 - b/(-3 + 2)?
9
Let r be 0 + (2 - (2 + -2)). Suppose -r*t - 3*t = -465. Suppose -5*d + t - 38 = 0. What is the tens digit of d?
1
Suppose 0 = 3*p - p. Suppose -4*a - 100 = -5*t, -1 + 21 = t + 3*a. Suppose 5*z + x + p*x = t, x + 5 = 0. What is the units digit of z?
5
Suppose m = -4*w - 0 - 3, 2*m + 2*w = 0. Suppose -5*p = 9 + m. What is the units digit of (-1 - p)/(2/28)?
4
Suppose -5*t = -5*g - 25, -4*t + 3*g = -3*t - 1. Suppose 0 = 3*l + l - 84. Suppose 4*k - l = t. What is the units digit of k?
7
Let b = -5 - -5. Let a = 0 - b. Suppose a = 2*y - 4*t + 4, 0*y = -3*y - 3*t + 21. What is the units digit of y?
4
Suppose -i = 2*p - 3*i - 48, -15 = 5*i. What is the units digit of p?
1
Let v be 1*3*8/12. What is the units digit of 98*1*1/v?
9
Let n(k) = -k - 1. Let s be n(-2). What is the tens digit of ((-45)/6)/s*-2?
1
Suppose 4*b = -0*b + 76. Let q = 41 - b. What is the tens digit of q?
2
Suppose 0 = -2*j - 0*j. Suppose w + 5*l - 25 = j, -1 = 2*w - 3*l + 14. Suppose -4*d + 8 = -r, w*d - 3*d + 4*r = 7. What is the units digit of d?
3
Let y(p) = -p**3 - 9*p**2 - 10*p + 3. Let f be y(-8). Suppose -2*s - i = -40, -s - 2 + f = -i. What is the units digit of s?
9
Suppose -i = -4 + 2, 0 = 4*d + i + 82. Let r = d - -46. What is the units digit of r?
5
Let w(d) be the first derivative of -2 + 1/4*d**4 + d + 5/3*d**3 - 3*d**2. What is the units digit of w(-6)?
1
Let d